be b(-3). Suppose 16*q - 437 - r = 0. Suppose 0 = 5*d - 303 - 72. Calculate the greatest common divisor of d and q.
15
Let y = 126 + -20. Suppose 14*i - 2906 = -y. What is the greatest common divisor of 25 and i?
25
Suppose -5*n = -4*x - n + 16520, 0 = -3*x + 4*n + 12385. Suppose -32*b + 1625 + x = 0. What is the greatest common factor of b and 315?
45
Suppose -o - 344 = -2*w + 79, w + o = 210. Let b(g) = -g**3 + 10*g**2 - 20*g. Let n be b(8). Let h = w - n. Calculate the greatest common factor of 27 and h.
27
Let l = 6560 - 5916. What is the highest common divisor of 756 and l?
28
Suppose 3808 = -7*t + 3545 + 15558. What is the highest common factor of 115 and t?
115
Suppose 0 = -21*d + 30 + 54. Let j be -10*(((-48)/(-10))/(-2) + 2). Calculate the highest common divisor of d and j.
4
Let l be 19/(-10) + 2 - 759/(-10). Calculate the highest common divisor of 52 and l.
4
Let t = -5244 - -5622. What is the greatest common divisor of 150 and t?
6
Let r = -6769 - -6864. What is the highest common factor of 1805 and r?
95
Let m be 2/12 - (-14604)/72. Suppose 2*d = -5*b + m, 6*d - 5*d - 43 = -b. Suppose 6*p - b = 51. What is the highest common factor of p and 165?
15
Let w(z) = 3*z**3 + z**2 + z - 1. Let x be w(-2). Let q(v) = -v + 52. Let g be q(x). Calculate the greatest common factor of g and 15.
15
Let h = 41 - 3. Suppose -45750 = -28*t + 13*t. Let w be (t/2)/5 + -1. What is the highest common divisor of w and h?
38
Let s be 21 + -22 + 3 + 152. What is the greatest common divisor of 6974 and s?
22
Let f = 90 + 49. Let y be 1/5 - f/(-5). Let x = 47 - y. Calculate the greatest common factor of x and 76.
19
Suppose 15*b - 654 - 365 = -14. Calculate the greatest common divisor of b and 40267.
67
Let u be (0 - 33755/(-75)) + 1*19/(-285). What is the highest common divisor of u and 18150?
150
Let m be (-1)/(-6) + 2495/(-30). Let u = m + 174. Let r = -55 + u. What is the greatest common divisor of r and 324?
36
Suppose 98 = -63*l + 65*l. Let p = l - 33. Let q(h) = -h**3 - 5*h**2 - 6*h + 2. Let g be q(-5). Calculate the greatest common factor of g and p.
16
Suppose -l - l = -3*f - 15, 4*f = -3*l + 65. Suppose -l*n - n = -1152. Let w = -3 + 12. Calculate the highest common divisor of w and n.
9
Let o(d) = -3*d**3 + 125*d**2 + 39*d + 315. Let a be o(42). Calculate the highest common factor of a and 679.
7
Let k(h) = 2*h**2 - 3*h + 22. Let u be (-4 - 1)*(-4 + (5 - 2)). Let p be k(u). What is the greatest common factor of p and 6?
3
Let u be (-69)/(((-6)/(-28))/(16/(-14))). Calculate the highest common factor of u and 8.
8
Let g(u) = -137*u**2 - 301*u + 2. Let a be g(-2). What is the highest common factor of 1029 and a?
7
Let i(y) = 5*y + 2 - 2*y**3 - 3*y**3 + 9*y**3 + y - 3*y**3. Let k be i(0). Calculate the greatest common divisor of 76 and k.
2
Suppose 7*i - 16 = 19. Suppose 2*r = -i*j - r, -r - 8 = -j. Calculate the greatest common divisor of j and 6.
3
Let c be 127017/33 + 3*5. Calculate the greatest common factor of 21 and c.
21
Let m(y) = 3*y**3 - 15*y**2 + 41*y - 309. Let a be m(7). Calculate the highest common divisor of a and 6256.
272
Let k = 13 + 19. Let u be ((-24)/k)/(-3) - 1562/8. Let z be (-1)/(-4) - u/20. Calculate the greatest common factor of z and 30.
10
Suppose -14*x - 4*y - 1052 = -19*x, 0 = -4*x - 3*y + 854. Calculate the greatest common divisor of x and 4.
4
Let i be 1/(-4) - 202/(-8). Let b(c) be the first derivative of -5*c**2/2 + 70*c + 32. Let a be b(13). Calculate the greatest common divisor of a and i.
5
Let k(o) = o**3 - 3*o**2 - 14*o - 48. Let z be k(10). Let t = z - 487. Calculate the greatest common factor of t and 5.
5
Let p(v) = -21*v + 1044. Let j be p(49). Calculate the highest common divisor of j and 15.
15
Suppose -64*r + 2114 = -2276 + 806. What is the highest common factor of r and 5768?
56
Suppose -29*x = -25*x - 36. Let z(i) = 5*i + 172. Let u be z(-29). Calculate the highest common factor of u and x.
9
Let v be (5 - 3 - -3)*(2 - 0). Suppose v = -3*u + 5*u. Suppose u = -b + 16. Calculate the highest common divisor of b and 143.
11
Let f = -58 + -69. Let o = f - -153. What is the highest common factor of 624 and o?
26
Let x(h) = -8*h + 123. Let v be x(16). Let l be 3 + (-1446)/v + 1/(-5). What is the greatest common factor of l and 219?
73
Let o(x) = -3*x**3 + 2*x**2 - 3*x + 8. Let d be o(-4). Calculate the highest common divisor of d and 4.
4
Suppose -12*t + 10*t - 2*q + 47874 = 0, 5*t = 3*q + 119629. What is the highest common factor of 10 and t?
10
Let b = 13 - -11. Let u be 528/(1/(6*4/b)). What is the greatest common divisor of 48 and u?
48
Let s be 66/(-15)*250/(-20). Calculate the highest common divisor of s and 1848.
11
Suppose 3*i - 239 = -29. Let a be -1 + i/((-25)/(-5)). Suppose 1 = -3*w + 4*w + 5*h, w - a = h. What is the highest common factor of w and 121?
11
Let m = 7882 + -7768. What is the greatest common factor of 2432 and m?
38
Suppose 8 = 4*a - 12. Suppose 0 = -a*u - 2*u. Suppose u = 4*f - 17*f + 377. Calculate the highest common divisor of f and 145.
29
Let d(w) = 0*w + 0*w + 12 + 3*w. Let j be d(9). Let t = 660 - 387. What is the greatest common divisor of j and t?
39
Suppose 3*s = 3*d + 951, -4*s + 26*d = 30*d - 1212. What is the greatest common factor of s and 51460?
310
Let f be 2/(7/(-3) - -3). Suppose 14 = 5*y - f*j, 2*j = -0*j - 6. Let t be (3 - 18/(-6)) + (-20)/4. What is the greatest common factor of t and y?
1
Suppose -5*s = -5*i - 2 + 957, -i + 3*s + 193 = 0. What is the highest common factor of i and 2375?
95
Let t = 9077 - 9070. Calculate the greatest common factor of 4053 and t.
7
Let t(p) = 22*p**2 - 17*p + 20. Let r be t(8). Suppose -m = -1, -3*k + 4*m + r = k. Calculate the highest common factor of k and 48.
12
Suppose 3 = w - 1, 2*w + 234 = 2*a. Let j(o) = -288*o**3 + o**2 - 2*o - 2. Let c be j(-1). Let g = c - a. Calculate the highest common divisor of g and 42.
42
Suppose -5*v + 2*v = 2*z + 2, 4*v - 24 = 4*z. Let q be -4 - -7 - 132/(1 + z). Calculate the highest common factor of q and 235.
47
Suppose -25*h = 577*h - 324478. What is the highest common factor of 1274 and h?
49
Let h(a) be the first derivative of 2*a**2 + 216*a - 37. Let k be h(0). Suppose -4*o + 3*o = -27. Calculate the greatest common divisor of o and k.
27
Suppose -22756 = -302*g + 84*g + 37412. What is the greatest common factor of 48 and g?
12
Suppose 10*s - 2*o = 15*s + 10, -5*s = -o + 25. Let f be s*(-14 + 8/(-4)). Calculate the highest common factor of 8 and f.
8
Let i = 72 - 48. Let l = i - 14. Let b be 12/6*3 + 84. What is the greatest common factor of b and l?
10
Let y be 2022*(-10)/(-90) - (5/3 + -2). Calculate the highest common factor of y and 285.
15
Let m = -2186 - -2287. What is the greatest common divisor of m and 101?
101
Let k = 472 - 222. Let t(g) = 25*g + 15. Let v be t(1). What is the highest common factor of v and k?
10
Let o be 1/(28/(-12) + 2). Let c(d) = -23*d**2 + d - 2. Let t be c(1). Let f be (3 + t)*1/(o - -2). Calculate the greatest common factor of f and 231.
21
Suppose 3*q = 5*y - 2*y + 36, q - 2*y = 14. Let o be ((-300)/(-42))/((-191)/(-6685)). What is the highest common factor of o and q?
10
Suppose 18*d - 15*d - 72 = 0. Suppose d = 2*k + 10*k. Calculate the highest common divisor of 138 and k.
2
Suppose -25543 + 69319 = 38*r. Calculate the greatest common divisor of r and 108.
36
Let b(t) = -75*t**3 - t. Let c be b(-1). Let s = -74 + c. Suppose s*x = 7 + 5. Calculate the greatest common divisor of x and 42.
6
Let z(d) = -88*d - 8. Let w be z(-3). Suppose 185*s = 186*s - w. What is the greatest common divisor of s and 16?
16
Let d(f) = 3*f - 6. Let o = -54 + 82. Let v = o - 22. Let y be d(v). Calculate the greatest common divisor of 48 and y.
12
Let j = 59495 - 42588. Calculate the greatest common factor of j and 638.
319
Suppose -d - 22599 = -k, 0 = -k + 34*d - 39*d + 22599. Calculate the highest common factor of k and 279.
279
Let n = 5616 - 2258. What is the greatest common divisor of 46 and n?
46
Suppose -423145 - 1051521 = -151*r. Calculate the highest common factor of 57 and r.
19
Let w be 110/(-165)*(-13005)/6. What is the highest common factor of 34 and w?
17
Let h(k) = 8704*k - 8696*k - 27 - 117. Let x be h(21). Calculate the greatest common divisor of x and 192.